0?
False
Does 39 divide 4717752?
True
Does 18 divide 241722?
True
Does 22 divide 179740?
True
Is 267 a factor of 204522?
True
Is 542691 a multiple of 828?
False
Does 22 divide 654984?
True
Is 7 a factor of 13793?
False
Does 233 divide 85278?
True
Is 14569820 a multiple of 830?
True
Does 36 divide 273060?
True
Does 129 divide 105010?
False
Is 344604 a multiple of 13?
True
Is 180 a factor of 10205406?
False
Is 12 a factor of 2072056?
False
Is 63 a factor of 1064249?
False
Is 279086 a multiple of 15?
False
Is 296 a factor of 420912?
True
Does 169 divide 106808?
True
Does 5 divide 29483?
False
Is 274 a factor of 2002666?
True
Does 54 divide 1441266?
False
Is 350 a factor of 128497?
False
Is 31 a factor of 4627246?
True
Is 3452898 a multiple of 138?
True
Does 61 divide 1513671?
False
Does 20 divide 5569540?
True
Is 13345578 a multiple of 358?
False
Is 17 a factor of 37451?
True
Is 30 a factor of 71880?
True
Is 60528 a multiple of 430?
False
Does 7 divide 68026?
True
Is 43661 a multiple of 8?
False
Is 5335839 a multiple of 120?
False
Is 830496 a multiple of 93?
False
Is 3239281 a multiple of 24?
False
Is 6 a factor of 300497?
False
Does 22 divide 5498240?
True
Does 29 divide 1636484?
False
Is 623 a factor of 4118402?
False
Does 5 divide 874895?
True
Does 199 divide 1909724?
False
Is 8557004 a multiple of 863?
False
Is 88 a factor of 5632?
True
Is 1207818 a multiple of 123?
False
Does 189 divide 116613?
True
Is 240909 a multiple of 655?
False
Is 10 a factor of 3727850?
True
Is 178 a factor of 240735?
False
Is 152 a factor of 70528?
True
Is 405 a factor of 118260?
True
Does 378 divide 276901?
False
Is 37 a factor of 187379?
False
Does 6 divide 45043?
False
Is 82 a factor of 2235040?
False
Is 5427536 a multiple of 67?
True
Is 150552 a multiple of 51?
True
Is 12 a factor of 59325?
False
Is 118 a factor of 11195061?
False
Is 4499466 a multiple of 1653?
True
Is 877 a factor of 7987716?
True
Is 9 a factor of 22860?
True
Is 264 a factor of 122717?
False
Is 17 a factor of 428159?
False
Is 268 a factor of 97178?
False
Is 798 a factor of 7934505?
False
Is 11 a factor of 79722?
False
Is 15 a factor of 12835710?
True
Is 1708200 a multiple of 8?
True
Is 15504 a multiple of 24?
True
Is 226 a factor of 4997612?
False
Does 40 divide 317880?
True
Does 10 divide 76540?
True
Does 283 divide 581260?
False
Does 23 divide 39178?
False
Is 263590 a multiple of 6?
False
Is 652382 a multiple of 16?
False
Is 3975663 a multiple of 101?
True
Does 16 divide 369088?
True
Does 6 divide 7292?
False
Is 75370 a multiple of 188?
False
Is 4345837 a multiple of 4?
False
Is 601 a factor of 725597?
False
Is 10278096 a multiple of 12?
True
Is 22462880 a multiple of 440?
True
Is 80951 a multiple of 5?
False
Does 12 divide 21307?
False
Does 428 divide 463679?
False
Is 70766 a multiple of 2?
True
Is 142006 a multiple of 74?
True
Does 40 divide 241120?
True
Is 14319678 a multiple of 17?
True
Does 16 divide 29612592?
True
Does 61 divide 6676864?
False
Is 2220328 a multiple of 4?
True
Is 11 a factor of 105844?
False
Is 642162 a multiple of 141?
False
Is 81 a factor of 125793?
True
Does 7 divide 2403135?
True
Is 121 a factor of 2192527?
False
Is 113 a factor of 129385?
True
Is 583892 a multiple of 47?
False
Does 99 divide 155136?
False
Is 65 a factor of 237575?
True
Is 28 a factor of 2569140?
True
Does 31 divide 6846331?
False
Does 268 divide 179024?
True
Does 7 divide 111468?
True
Is 115 a factor of 195730?
True
Does 472 divide 1302720?
True
Is 24 a factor of 155873?
False
Does 7 divide 2565983?
True
Is 129 a factor of 3017060?
False
Is 6 a factor of 189564?
True
Is 21 a factor of 209370?
True
Is 4140186 a multiple of 460?
False
Is 5 a factor of 116255?
True
Is 23 a factor of 50692?
True
Is 224976 a multiple of 86?
True
Does 477 divide 2936219?
False
Is 45700 a multiple of 100?
True
Is 1593680 a multiple of 176?
True
Does 47 divide 2211555?
False
Is 43832 even?
True
Is 1876650 a multiple of 356?
False
Is 36601 even?
False
Is 756 a factor of 2622128?
False
Is 339 a factor of 389256?
False
Is 8 a factor of 66202?
False
Does 7 divide 138562?
False
Is 1013345 a multiple of 27?
False
Is 6314824 a multiple of 31?
True
Is 309 a factor of 69615?
False
Is 33 a factor of 165321?
False
Does 223 divide 1066386?
True
Is 3 a factor of 14801?
False
Is 12075407 a multiple of 11?
False
Is 58030 a multiple of 10?
True
Does 80 divide 2989360?
True
Is 3586140 a multiple of 1044?
True
Does 189 divide 858922?
False
Is 546141 a multiple of 10?
False
Is 5705092 a multiple of 277?
True
Is 167 a factor of 533565?
True
Does 13 divide 3538262?
True
Is 79712 a multiple of 32?
True
Is 1029470 a multiple of 26?
True
Is 24 a factor of 3725592?
True
Does 16 divide 203321?
False
Is 10268836 a multiple of 16?
False
Is 169932 a multiple of 34?
True
Does 438 divide 2988036?
True
Does 6 divide 57722?
False
Does 29 divide 8852917?
True
Is 76274 a multiple of 450?
False
Is 3660440 a multiple of 35?
True
Does 66 divide 33244?
False
Does 8 divide 4247752?
True
Does 200 divide 3377614?
False
Is 92 a factor of 3330860?
True
Is 341169 a multiple of 3?
True
Does 371 divide 166208?
True
Is 840199 a multiple of 53?
False
Is 1253611 a multiple of 114?
False
Is 178128 a multiple of 8?
True
Does 11 divide 67918?
False
Is 48 a factor of 2196243?
False
Is 37 a factor of 13335316?
False
Does 9 divide 787652?
False
Does 163 divide 624290?
True
Is 7 a factor of 68159?
True
Is 126598 a multiple of 3?
False
Is 22 a factor of 296724?
False
Does 176 divide 167200?
True
Is 41 a factor of 2028557?
True
Is 20 a factor of 237298?
False
Is 1478694 a multiple of 57?
True
Is 134761 a multiple of 13?
False
Does 43 divide 162572?
False
Does 25 divide 266838?
False
Is 509 a factor of 15499952?
False
Does 54 divide 59454?
True
Is 6 a factor of 279536?
False
Does 10 divide 95530?
True
Is 1515996 a multiple of 23?
False
Is 597289 a multiple of 11?
True
Does 31 divide 136627?
False
Does 123 divide 1062228?
True
Does 222 divide 2430446?
False
Does 29 divide 449587?
True
Is 10 a factor of 237050?
True
Is 2 a factor of 546957?
False
Is 300 a factor of 57732?
False
Is 132804 a multiple of 394?
False
Does 7 divide 217126?
True
Does 66 divide 11349360?
True
Is 445 a factor of 1894810?
True
Is 19 a factor of 2209339?
True
Is 1012 a factor of 8388468?
True
Is 2784099 a multiple of 248?
False
Does 481 divide 5817717?
False
Does 23 divide 7941210?
True
Does 72 divide 214416?
True
Does 64 divide 1640382?
False
Does 116 divide 459824?
True
Is 217 a factor of 1398400?
False
Is 1184150 a multiple of 110?
True
Is 1735 a factor of 19135315?
True
Does 118 divide 379960?
True
Is 55 a factor of 20240?
True
Is 463830 a multiple of 154?
False
Is 171 a factor of 302701?
False
Is 693299 a multiple of 83?
True
Does 9 divide 31765?
False
Does 40 divide 18360?
True
Is 2 a factor of 63581?
False
Is 26 a factor of 2570597?
False
Is 4449600 a multiple of 64?
True
Is 3263118 a multiple of 11?
False
Does 22 divide 340472?
True
Is 11 a factor of 206131?
False
Is 73738 a multiple of 161?
True
Is 257 a factor of 87426?
False
Does 12 divide 4372032?
True
Does 40 divide 732794?
False
Is 3509639 a multiple of 60?
False
Is 10614000 a multiple of 5?
True
Does 129 divide 499148?
False
Does 114 divide 192915?
False
Is 105 a factor of 1196335?
False
Is 5 a factor of 6395?
True
Does 29 divide 958247?
True
Is 58032 a multiple of 48?
True
Does 10 divide 614350?
True
Is 2779200 a multiple of 576?
True
Does 69 divide 84042?
True
Does 98 divide 33422?
False
Is 286140 a multiple of 95?
True
Does 4 divide 346337?
False
Is 15 a factor of 39397?
False
Is 881 a factor of 1006983?
True
Does 124 divide 833069?
False
Is 31 a factor of 11707870?
False
Is 321104 a multiple of 28?
True
Is 293 a factor of 2243?
False
Is 133 a factor of 746831?
False
Is 442 a factor of 2654682?
False
Does 9 divide 1049778?
True
Is 110 a factor of 776710?
True
Is 13 a factor of 1449448?
True
Does 619 divide 29093?
True
Is 421 a factor of 3553661?
True
Is 223 a factor of 125772?
True
Is 24 a factor of 20096669?
False
Does 37 divide 528999?
False
Does 133 divide 1111614?
True
Is 121219 a multiple of 7?
True
Is 247 a factor of 1799418?
False
Is 9 a factor of 197091?
True
Is 60 a factor of 73183?
False
Does 55 divide 118857?
False
Is 233110 a mu